ommon factor of 2800 and 3395525.
175
Calculate the greatest common divisor of 119116 and 1649.
97
Calculate the highest common divisor of 4242850554 and 978.
978
What is the greatest common factor of 646642 and 203?
29
What is the greatest common divisor of 120 and 194580732?
12
Calculate the highest common divisor of 2688 and 1264648.
56
Calculate the highest common divisor of 37512481 and 20561.
709
What is the highest common divisor of 1115403 and 1023447?
291
What is the highest common factor of 42863478 and 2436?
42
What is the greatest common factor of 467 and 63324733?
467
What is the highest common factor of 2746 and 344885243?
1373
What is the greatest common divisor of 30020 and 863740?
380
What is the highest common divisor of 2448848 and 57564?
164
What is the highest common factor of 1137 and 195394587?
1137
Calculate the highest common divisor of 149472 and 190300.
692
What is the highest common factor of 396 and 2317580?
4
What is the greatest common factor of 675 and 15611175?
225
What is the highest common divisor of 500603 and 2?
1
What is the greatest common factor of 4699478 and 21?
7
Calculate the highest common factor of 811111 and 875.
7
What is the highest common factor of 507452128 and 21184?
10592
Calculate the highest common divisor of 147 and 607852056.
147
Calculate the highest common factor of 9115690 and 6290.
370
What is the highest common divisor of 2623046 and 112?
2
What is the greatest common divisor of 53331 and 7438755?
1839
What is the greatest common divisor of 16305920 and 1920?
640
Calculate the greatest common divisor of 76384 and 11501.
217
Calculate the highest common factor of 1273 and 1264.
1
Calculate the highest common factor of 722 and 59208028.
38
What is the greatest common divisor of 28242 and 5940?
54
Calculate the highest common factor of 7271 and 257366299.
661
Calculate the highest common factor of 10835 and 60303276.
2167
What is the greatest common factor of 50 and 1662340?
10
Calculate the greatest common factor of 9 and 2205317178.
9
Calculate the highest common factor of 921298 and 10976.
686
What is the greatest common factor of 209698745 and 86?
43
Calculate the highest common divisor of 4988 and 241853156.
4988
Calculate the greatest common divisor of 65 and 29892551.
13
Calculate the greatest common divisor of 1085915 and 1067.
97
What is the highest common factor of 277148356 and 492?
164
What is the highest common factor of 3761 and 3332246?
3761
What is the greatest common factor of 4918188 and 538868?
1628
What is the highest common divisor of 341 and 61006?
11
Calculate the greatest common factor of 2486 and 16655974.
226
Calculate the highest common factor of 10018845 and 90.
45
What is the highest common divisor of 1230786 and 2222?
202
Calculate the greatest common divisor of 371 and 15004565.
53
Calculate the highest common factor of 1520197 and 42028.
553
Calculate the greatest common factor of 605269431 and 2538.
423
Calculate the highest common divisor of 8352 and 46944.
288
Calculate the highest common factor of 44545276 and 822.
274
What is the highest common factor of 2919 and 24433003?
973
Calculate the greatest common factor of 16821 and 3062668.
623
What is the highest common factor of 245958 and 24672?
6
Calculate the highest common divisor of 2869881 and 126.
21
What is the greatest common divisor of 1474608 and 80538?
186
What is the highest common divisor of 240 and 10127970?
30
Calculate the highest common factor of 795 and 41760237.
159
Calculate the highest common divisor of 271254 and 186807.
2559
Calculate the highest common factor of 1617 and 76391.
49
Calculate the highest common divisor of 224 and 59763984.
112
Calculate the greatest common factor of 98374 and 122614.
202
Calculate the greatest common divisor of 1675240 and 286160.
280
What is the greatest common divisor of 6161049 and 865?
173
Calculate the highest common divisor of 811685 and 11165.
35
Calculate the greatest common divisor of 2288 and 1138592.
208
Calculate the greatest common divisor of 1072258302 and 6.
6
Calculate the greatest common divisor of 228 and 27157232.
76
Calculate the highest common factor of 18718768 and 4.
4
What is the greatest common factor of 13653750 and 660?
330
Calculate the greatest common factor of 27521735 and 2445.
815
Calculate the highest common divisor of 73398232 and 402.
134
Calculate the greatest common divisor of 171 and 558072.
9
Calculate the greatest common factor of 52098 and 12312.
114
What is the highest common factor of 42288 and 3936?
48
Calculate the highest common factor of 1034 and 14918354.
22
Calculate the highest common factor of 12882 and 1125750.
114
Calculate the greatest common divisor of 662956840 and 3640.
3640
What is the highest common divisor of 38755 and 71428835?
1685
Calculate the highest common factor of 2006 and 3158226.
34
What is the highest common factor of 170 and 11433860?
170
What is the greatest common factor of 19995822 and 2061?
2061
What is the greatest common factor of 22222212 and 120?
12
What is the highest common factor of 8277818 and 5945?
1189
Calculate the highest common factor of 1925360712 and 432.
216
Calculate the greatest common divisor of 382512 and 117.
39
Calculate the highest common factor of 35107924 and 17.
17
What is the highest common divisor of 5650 and 161000?
50
Calculate the highest common factor of 33551469 and 1063.
1063
Calculate the greatest common factor of 1065 and 68160.
1065
Calculate the highest common factor of 63 and 49582099.
7
What is the highest common factor of 510 and 1512354?
102
What is the greatest common factor of 509350 and 1630?
10
What is the highest common divisor of 881575579 and 391?
391
What is the greatest common factor of 2932020 and 2145?
195
What is the highest common divisor of 2710102 and 69042?
74
What is the greatest common factor of 330 and 546370?
110
Calculate the highest common divisor of 71085786 and 174.
174
Calculate the highest common factor of 94563 and 3515.
19
Calculate the highest common divisor of 23776011 and 1995.
399
What is the highest common divisor of 533790 and 230850?
810
What is the greatest common divisor of 477 and 660483?
9
Calculate the greatest common divisor of 8776420 and 204.
68
What is the greatest common divisor of 6232 and 643112?
152
Calculate the greatest common factor of 87820668 and 468.
468
What is the greatest common factor of 5975 and 17391475?
25
What is the greatest common factor of 969012500 and 1500?
500
What is the greatest common divisor of 107026 and 225498?
118
Calculate the highest common divisor of 21325327 and 12665.
2533
Calculate the greatest common divisor of 436889474 and 154.
14
What is the greatest common factor of 66150787 and 19984?
1249
What is the highest common factor of 403 and 134031941?
31
Calculate the greatest common factor of 1081 and 42287639.
1081
Calculate the highest common divisor of 357938 and 28.
14
What is the greatest common factor of 261 and 31711413?
87
What is the highest common factor of 13 and 57719623?
13
What is the greatest common divisor of 30 and 127381830?
30
Calculate the highest common divisor of 53559685 and 20.
5
Calculate the greatest common divisor of 447440125 and 110.
55
What is the greatest common divisor of 376 and 834730810?
94
Calculate the greatest common factor of 3864 and 21671244.
1932
Calculate the greatest common factor of 3198 and 302809.
13
Calculate the highest common factor of 21 and 1131634.
7
Calculate the greatest common divisor of 1686 and 571232817.
843
What is the highest common factor of 74570814 and 5256?
1314
Calculate the greatest common divisor of 1208810428 and 28.
28
What is the greatest common factor of 41447 and 87669?
191
Calculate the highest common divisor of 5874 and 524766.
66
Calculate the greatest common divisor of 4579 and 8416202.
4579
What is the greatest common factor of 165984 and 2767648?
416
Calculate the highest common factor of 2100 and 44876475.
525
What is the highest common factor of 17493 and 42632499?
1029
What is the greatest common factor of 141087 and 9693?
1077
What is the highest common divisor of 4607703 and 10701?
369
What is the highest common divisor of 11133 and 177858?
9
Calculate the highest 